{"id":4515,"date":"2019-10-30T02:06:57","date_gmt":"2019-10-30T06:06:57","guid":{"rendered":"http:\/\/www.gwellstaylor.com\/blog\/?page_id=4515"},"modified":"2023-03-29T15:37:43","modified_gmt":"2023-03-29T19:37:43","slug":"gratis-when-graveyards-yawn-spanish-language-edition-free","status":"publish","type":"page","link":"https:\/\/www.gwellstaylor.com\/blog\/?page_id=4515","title":{"rendered":"WHEN GRAVEYARDS YAWN &#8211; Spanish Language Edition &#8211; GRATIS"},"content":{"rendered":"<p style=\"text-align: center;\"><strong><span style=\"color: #000000;\">CUANDO LOS CEMENTERIOS SE ABREN<\/span><br \/>\n<\/strong><strong><span style=\"color: #ff0000;\">NOW AVAILABLE!<\/span><br \/>\n<span style=\"color: #000000;\">WHEN GRAVEYARDS YAWN<\/span><br \/>\n<span style=\"color: #000000;\"><em>Spanish Language Edition<\/em><\/span><br \/>\n<\/strong><strong><span style=\"color: #000000;\">The Apocalypse Trilogy: Book One<\/span><br \/>\n<\/strong><\/p>\n<p><a href=\"http:\/\/www.gwellstaylor.com\/covers\/WhenGraveyardsYawn_SP_Cover_display.jpg\"><img loading=\"lazy\" decoding=\"async\" class=\"alignleft wp-image-4534 size-full\" src=\"https:\/\/www.gwellstaylor.com\/blog\/wp-content\/uploads\/2019\/10\/WhenGraveyardsYawn_SP_Cover200x300-1.jpg\" alt=\"\" width=\"200\" height=\"299\" \/><\/a><\/p>\n<p><span style=\"color: #000000;\"><strong>EL ASESINATO A\u00daN ES ASESINATO EN GREASETOWN<\/strong><\/span><\/p>\n<p>Incluso si la vida se ha vuelto un poco complicada. Hace cincuenta a\u00f1os, al final del \u00faltimo milenio, esper\u00e1bamos que algo malo iba a pasar, pero nunca nos imagin\u00e1bamos el Cambio. La gente dej\u00f3 de envejecer, los muertos se alzaron de sus tumbas, empez\u00f3 a llover y sigue lloviendo desde entonces.<\/p>\n<p>Las cosas ten\u00edan tan mala pinta que todos pensaron que era el fin del mundo, pero uno tiene a\u00fan que ganarse la vida, \u00bfno?<\/p>\n<p>Un abogado muerto entra en la oficina de Investigaciones Wildclown y contrata al detective para que encuentre a su asesino. Wildclown y su compa\u00f1ero muerto Elmo pronto se ver\u00e1n envueltos en una batalla por el control de un secreto que ofrece la esperanza o la sentencia de la humanidad.<\/p>\n<p><strong>CUANDO LOS CEMENTERIOS SE ABREN<\/strong> lleva al lector a un escenario \u00fanico que mezcla Horror G\u00f3tico con el pragmatismo a dos pu\u00f1os de una intrincada novela de detectives. Ad\u00e9ntrate en el Horror G\u00f3tico del Mundo del Cambio del genial G. Wells Taylor. Horror, Misterio y Humor, garantizados.<\/p>\n<p style=\"text-align: center;\"><strong><span style=\"color: #000000;\">Descarga CUANDO LOS CEMENTERIOS SE ABREN<\/span><br \/>\n<span style=\"color: #000000;\">en<\/span> <span style=\"color: #ff0000;\">GRATIS<\/span><span style=\"color: #000000;\"> <a style=\"color: #000000;\" href=\"https:\/\/www.gwellstaylor.com\/books\/whengraveyardsyawn\/spanish_translation\/Cuando_Los_Cementerios_Se_Abren_GWellsTaylor.pdf\">PDF<\/a> ~ <a style=\"color: #000000;\" href=\"https:\/\/www.gwellstaylor.com\/books\/whengraveyardsyawn\/spanish_translation\/Cuando_Los_Cementerios_Se_Abren_GWellsTaylor.epub\">EPUB<\/a> ~ <a style=\"color: #000000;\" href=\"https:\/\/www.gwellstaylor.com\/books\/whengraveyardsyawn\/spanish_translation\/Cuando_Los_Cementerios_Se_Abren_GWellsTaylor.mobi\">MOBI<\/a><\/span><br \/>\n<\/strong><strong><span style=\"color: #000000;\">Download your<\/span> <span style=\"color: #ff0000;\">FREE<\/span><span style=\"color: #000000;\"> copy\u00a0 <a style=\"color: #000000;\" href=\"http:\/\/www.gwellstaylor.com\/books\/whengraveyardsyawn\/spanish_translation\/Cuando_Los_Cementerios_Se_Abren_GWellsTaylor.pdf\">PDF<\/a> ~ <a style=\"color: #000000;\" href=\"https:\/\/www.gwellstaylor.com\/books\/whengraveyardsyawn\/spanish_translation\/Cuando_Los_Cementerios_Se_Abren_GWellsTaylor.epub\">EPUB<\/a> ~ <a style=\"color: #000000;\" href=\"https:\/\/www.gwellstaylor.com\/books\/whengraveyardsyawn\/spanish_translation\/Cuando_Los_Cementerios_Se_Abren_GWellsTaylor.mobi\">MOBI<\/a><\/span><br \/>\n<\/strong><span style=\"color: #000000;\"><strong>or visit <a style=\"color: #000000;\" href=\"http:\/\/artifacslibros.vzpla.net\/obrasFantasy.html\">Artifacs Libros<\/a> to download<\/strong>.<\/span><\/p>\n<p>I want to congratulate <span style=\"color: #000000;\"><strong>David<\/strong> <\/span>at <a href=\"http:\/\/artifacslibros.vzpla.net\/\"><strong><span style=\"color: #000000;\">Artifacs Libros<\/span><\/strong><\/a> on the release of his<span style=\"color: #000000;\"> <strong>Spanish translation<\/strong><\/span> of <span style=\"color: #000000;\"><strong><em>WHEN GRAVEYARDS YAWN (CUANDO LOS CEMENTERIOS SE ABREN)<\/em><\/strong><\/span>.<\/p>\n<p>David approached me this summer with a proposal to do Spanish language versions of my books <span style=\"color: #000000;\"><em><strong>The Variant Effect: SKIN EATERS<\/strong><\/em><\/span>, <span style=\"color: #000000;\"><em><strong>WHEN GRAVEYARDS YAWN<\/strong><\/em><\/span>, and the <span style=\"color: #000000;\"><em><strong>URN<\/strong> <\/em><\/span>book one of the <span style=\"color: #000000;\"><em><strong>Dracula of the Apes<\/strong><\/em> <\/span>trilogy; and he quickly impressed me with his energy, his unbridled enthusiasm for literature, and his ongoing mission at <a href=\"http:\/\/artifacslibros.vzpla.net\/index.html\"><strong><span style=\"color: #000000;\">Artifacs Libros<\/span><\/strong><\/a>.<\/p>\n<p>He also impressed me with his passion for translation by delivering <span style=\"color: #000000;\"><strong>The Variant Effect: SKIN EATERS<\/strong><\/span> in record time and then completing his work on <span style=\"color: #000000;\"><strong>WHEN GRAVEYARDS YAWN<\/strong> <\/span>well before his self-imposed Halloween deadline. I can&#8217;t wait to see what he does with <span style=\"color: #000000;\"><strong><em>Dracula of the Apes<\/em><\/strong><\/span>.<\/p>\n<p>David started translating science fiction stories on several online forums before creating the<strong><span style=\"color: #000000;\"> Artifacs Libros<\/span> <\/strong>web site in <strong>February 2018<\/strong> with the goal of translating distinct English titles for Panhispanic readers. A recent revamp of his web site in June, upgraded eBook files and the addition of author interviews to the eBooks gives his growing readership a professional platform for a deeper understanding of each work and author.<\/p>\n<p>And he&#8217;s interested in doing more. Contact <span style=\"color: #000000;\"><strong>David<\/strong> <\/span>to talk about Spanish translations at <a href=\"http:\/\/artifacslibros.vzpla.net\/contacto.html\">http:\/\/artifacslibros.vzpla.net\/contacto.html<\/a><\/p>\n<p>Download other <span style=\"color: #000000;\"><strong>Artifacs Libros<\/strong> <\/span>eBook titles at <a href=\"http:\/\/artifacslibros.vzpla.net\/obras.html\">http:\/\/artifacslibros.vzpla.net\/obras.html<\/a><\/p>\n","protected":false},"excerpt":{"rendered":"<p>CUANDO LOS CEMENTERIOS SE ABREN NOW AVAILABLE! WHEN GRAVEYARDS YAWN Spanish Language Edition The Apocalypse Trilogy: Book One EL ASESINATO A&Uacute;N ES ASESINATO EN GREASETOWN Incluso si la vida se ha vuelto un poco complicada. Hace cincuenta a&ntilde;os, al final del &uacute;ltimo milenio, esper&aacute;bamos que algo malo iba a pasar, pero nunca nos imagin&aacute;bamos el &hellip; <\/p>\n<p><a class=\"more-link btn\" href=\"https:\/\/www.gwellstaylor.com\/blog\/?page_id=4515\">Continue reading<\/a><\/p>\n","protected":false},"author":1,"featured_media":0,"parent":34,"menu_order":3,"comment_status":"closed","ping_status":"closed","template":"","meta":{"footnotes":""},"categories":[43],"tags":[33,37,35,30,34,32],"class_list":["post-4515","page","type-page","status-publish","hentry","category-translations","tag-apocalypse","tag-crime","tag-detective","tag-free","tag-horror","tag-zombie","nodate","item-wrap"],"yoast_head":"<!-- This site is optimized with the Yoast SEO plugin v21.3 - https:\/\/yoast.com\/wordpress\/plugins\/seo\/ -->\n<title>WHEN GRAVEYARDS YAWN - Spanish Language Edition - GRATIS - Horror, Mystery, Speculative and Science Fiction<\/title>\n<meta name=\"robots\" content=\"index, follow, max-snippet:-1, max-image-preview:large, max-video-preview:-1\" \/>\n<link rel=\"canonical\" href=\"https:\/\/www.gwellstaylor.com\/blog\/?page_id=4515\" \/>\n<meta property=\"og:locale\" content=\"en_US\" \/>\n<meta property=\"og:type\" content=\"article\" \/>\n<meta property=\"og:title\" content=\"WHEN GRAVEYARDS YAWN - Spanish Language Edition - GRATIS - Horror, Mystery, Speculative and Science Fiction\" \/>\n<meta property=\"og:description\" content=\"CUANDO LOS CEMENTERIOS SE ABREN NOW AVAILABLE! WHEN GRAVEYARDS YAWN Spanish Language Edition The Apocalypse Trilogy: Book One EL ASESINATO A&Uacute;N ES ASESINATO EN GREASETOWN Incluso si la vida se ha vuelto un poco complicada. Hace cincuenta a&ntilde;os, al final del &uacute;ltimo milenio, esper&aacute;bamos que algo malo iba a pasar, pero nunca nos imagin&aacute;bamos el &hellip; Continue reading\" \/>\n<meta property=\"og:url\" content=\"https:\/\/www.gwellstaylor.com\/blog\/?page_id=4515\" \/>\n<meta property=\"og:site_name\" content=\"Welcome to GWellsTaylor.com\" \/>\n<meta property=\"article:publisher\" content=\"https:\/\/www.facebook.com\/g.wells.taylor\" \/>\n<meta property=\"article:modified_time\" content=\"2023-03-29T19:37:43+00:00\" \/>\n<meta property=\"og:image\" content=\"http:\/\/www.gwellstaylor.com\/blog\/wp-content\/uploads\/2019\/10\/WhenGraveyardsYawn_SP_Cover200x300-1.jpg\" \/>\n<meta name=\"twitter:card\" content=\"summary_large_image\" \/>\n<meta name=\"twitter:site\" content=\"@gwellstaylor\" \/>\n<meta name=\"twitter:label1\" content=\"Est. reading time\" \/>\n\t<meta name=\"twitter:data1\" content=\"2 minutes\" \/>\n<script type=\"application\/ld+json\" class=\"yoast-schema-graph\">{\"@context\":\"https:\/\/schema.org\",\"@graph\":[{\"@type\":\"WebPage\",\"@id\":\"https:\/\/www.gwellstaylor.com\/blog\/?page_id=4515\",\"url\":\"https:\/\/www.gwellstaylor.com\/blog\/?page_id=4515\",\"name\":\"WHEN GRAVEYARDS YAWN - Spanish Language Edition - GRATIS - Horror, Mystery, Speculative and Science Fiction\",\"isPartOf\":{\"@id\":\"https:\/\/www.gwellstaylor.com\/blog\/#website\"},\"datePublished\":\"2019-10-30T06:06:57+00:00\",\"dateModified\":\"2023-03-29T19:37:43+00:00\",\"breadcrumb\":{\"@id\":\"https:\/\/www.gwellstaylor.com\/blog\/?page_id=4515#breadcrumb\"},\"inLanguage\":\"en-US\",\"potentialAction\":[{\"@type\":\"ReadAction\",\"target\":[\"https:\/\/www.gwellstaylor.com\/blog\/?page_id=4515\"]}]},{\"@type\":\"BreadcrumbList\",\"@id\":\"https:\/\/www.gwellstaylor.com\/blog\/?page_id=4515#breadcrumb\",\"itemListElement\":[{\"@type\":\"ListItem\",\"position\":1,\"name\":\"Home\",\"item\":\"https:\/\/www.gwellstaylor.com\/blog\"},{\"@type\":\"ListItem\",\"position\":2,\"name\":\"Book Catalogue\",\"item\":\"https:\/\/www.gwellstaylor.com\/blog\/?page_id=39\"},{\"@type\":\"ListItem\",\"position\":3,\"name\":\"THE APOCALYPSE TRILOGY\",\"item\":\"https:\/\/www.gwellstaylor.com\/blog\/?page_id=34\"},{\"@type\":\"ListItem\",\"position\":4,\"name\":\"WHEN GRAVEYARDS YAWN &#8211; Spanish Language Edition &#8211; GRATIS\"}]},{\"@type\":\"WebSite\",\"@id\":\"https:\/\/www.gwellstaylor.com\/blog\/#website\",\"url\":\"https:\/\/www.gwellstaylor.com\/blog\/\",\"name\":\"Welcome to GWellsTaylor.com\",\"description\":\"Horror, Mystery, Speculative and Science Fiction\",\"publisher\":{\"@id\":\"https:\/\/www.gwellstaylor.com\/blog\/#organization\"},\"alternateName\":\"GWellsTaylor.com\",\"potentialAction\":[{\"@type\":\"SearchAction\",\"target\":{\"@type\":\"EntryPoint\",\"urlTemplate\":\"https:\/\/www.gwellstaylor.com\/blog\/?s={search_term_string}\"},\"query-input\":\"required name=search_term_string\"}],\"inLanguage\":\"en-US\"},{\"@type\":\"Organization\",\"@id\":\"https:\/\/www.gwellstaylor.com\/blog\/#organization\",\"name\":\"Official G. Wells Taylor Website\",\"alternateName\":\"GWellsTaylor.com\",\"url\":\"https:\/\/www.gwellstaylor.com\/blog\/\",\"logo\":{\"@type\":\"ImageObject\",\"inLanguage\":\"en-US\",\"@id\":\"https:\/\/www.gwellstaylor.com\/blog\/#\/schema\/logo\/image\/\",\"url\":\"https:\/\/www.gwellstaylor.com\/blog\/wp-content\/uploads\/2023\/10\/gwellstaylor_larger.jpg\",\"contentUrl\":\"https:\/\/www.gwellstaylor.com\/blog\/wp-content\/uploads\/2023\/10\/gwellstaylor_larger.jpg\",\"width\":279,\"height\":360,\"caption\":\"Official G. Wells Taylor Website\"},\"image\":{\"@id\":\"https:\/\/www.gwellstaylor.com\/blog\/#\/schema\/logo\/image\/\"},\"sameAs\":[\"https:\/\/www.facebook.com\/g.wells.taylor\",\"https:\/\/twitter.com\/gwellstaylor\",\"https:\/\/www.instagram.com\/gwellstaylor\/\"]}]}<\/script>\n<!-- \/ Yoast SEO plugin. -->","yoast_head_json":{"title":"WHEN GRAVEYARDS YAWN - Spanish Language Edition - GRATIS - Horror, Mystery, Speculative and Science Fiction","robots":{"index":"index","follow":"follow","max-snippet":"max-snippet:-1","max-image-preview":"max-image-preview:large","max-video-preview":"max-video-preview:-1"},"canonical":"https:\/\/www.gwellstaylor.com\/blog\/?page_id=4515","og_locale":"en_US","og_type":"article","og_title":"WHEN GRAVEYARDS YAWN - Spanish Language Edition - GRATIS - Horror, Mystery, Speculative and Science Fiction","og_description":"CUANDO LOS CEMENTERIOS SE ABREN NOW AVAILABLE! WHEN GRAVEYARDS YAWN Spanish Language Edition The Apocalypse Trilogy: Book One EL ASESINATO A&Uacute;N ES ASESINATO EN GREASETOWN Incluso si la vida se ha vuelto un poco complicada. Hace cincuenta a&ntilde;os, al final del &uacute;ltimo milenio, esper&aacute;bamos que algo malo iba a pasar, pero nunca nos imagin&aacute;bamos el &hellip; Continue reading","og_url":"https:\/\/www.gwellstaylor.com\/blog\/?page_id=4515","og_site_name":"Welcome to GWellsTaylor.com","article_publisher":"https:\/\/www.facebook.com\/g.wells.taylor","article_modified_time":"2023-03-29T19:37:43+00:00","og_image":[{"url":"http:\/\/www.gwellstaylor.com\/blog\/wp-content\/uploads\/2019\/10\/WhenGraveyardsYawn_SP_Cover200x300-1.jpg"}],"twitter_card":"summary_large_image","twitter_site":"@gwellstaylor","twitter_misc":{"Est. reading time":"2 minutes"},"schema":{"@context":"https:\/\/schema.org","@graph":[{"@type":"WebPage","@id":"https:\/\/www.gwellstaylor.com\/blog\/?page_id=4515","url":"https:\/\/www.gwellstaylor.com\/blog\/?page_id=4515","name":"WHEN GRAVEYARDS YAWN - Spanish Language Edition - GRATIS - Horror, Mystery, Speculative and Science Fiction","isPartOf":{"@id":"https:\/\/www.gwellstaylor.com\/blog\/#website"},"datePublished":"2019-10-30T06:06:57+00:00","dateModified":"2023-03-29T19:37:43+00:00","breadcrumb":{"@id":"https:\/\/www.gwellstaylor.com\/blog\/?page_id=4515#breadcrumb"},"inLanguage":"en-US","potentialAction":[{"@type":"ReadAction","target":["https:\/\/www.gwellstaylor.com\/blog\/?page_id=4515"]}]},{"@type":"BreadcrumbList","@id":"https:\/\/www.gwellstaylor.com\/blog\/?page_id=4515#breadcrumb","itemListElement":[{"@type":"ListItem","position":1,"name":"Home","item":"https:\/\/www.gwellstaylor.com\/blog"},{"@type":"ListItem","position":2,"name":"Book Catalogue","item":"https:\/\/www.gwellstaylor.com\/blog\/?page_id=39"},{"@type":"ListItem","position":3,"name":"THE APOCALYPSE TRILOGY","item":"https:\/\/www.gwellstaylor.com\/blog\/?page_id=34"},{"@type":"ListItem","position":4,"name":"WHEN GRAVEYARDS YAWN &#8211; Spanish Language Edition &#8211; GRATIS"}]},{"@type":"WebSite","@id":"https:\/\/www.gwellstaylor.com\/blog\/#website","url":"https:\/\/www.gwellstaylor.com\/blog\/","name":"Welcome to GWellsTaylor.com","description":"Horror, Mystery, Speculative and Science Fiction","publisher":{"@id":"https:\/\/www.gwellstaylor.com\/blog\/#organization"},"alternateName":"GWellsTaylor.com","potentialAction":[{"@type":"SearchAction","target":{"@type":"EntryPoint","urlTemplate":"https:\/\/www.gwellstaylor.com\/blog\/?s={search_term_string}"},"query-input":"required name=search_term_string"}],"inLanguage":"en-US"},{"@type":"Organization","@id":"https:\/\/www.gwellstaylor.com\/blog\/#organization","name":"Official G. Wells Taylor Website","alternateName":"GWellsTaylor.com","url":"https:\/\/www.gwellstaylor.com\/blog\/","logo":{"@type":"ImageObject","inLanguage":"en-US","@id":"https:\/\/www.gwellstaylor.com\/blog\/#\/schema\/logo\/image\/","url":"https:\/\/www.gwellstaylor.com\/blog\/wp-content\/uploads\/2023\/10\/gwellstaylor_larger.jpg","contentUrl":"https:\/\/www.gwellstaylor.com\/blog\/wp-content\/uploads\/2023\/10\/gwellstaylor_larger.jpg","width":279,"height":360,"caption":"Official G. Wells Taylor Website"},"image":{"@id":"https:\/\/www.gwellstaylor.com\/blog\/#\/schema\/logo\/image\/"},"sameAs":["https:\/\/www.facebook.com\/g.wells.taylor","https:\/\/twitter.com\/gwellstaylor","https:\/\/www.instagram.com\/gwellstaylor\/"]}]}},"_links":{"self":[{"href":"https:\/\/www.gwellstaylor.com\/blog\/index.php?rest_route=\/wp\/v2\/pages\/4515","targetHints":{"allow":["GET"]}}],"collection":[{"href":"https:\/\/www.gwellstaylor.com\/blog\/index.php?rest_route=\/wp\/v2\/pages"}],"about":[{"href":"https:\/\/www.gwellstaylor.com\/blog\/index.php?rest_route=\/wp\/v2\/types\/page"}],"author":[{"embeddable":true,"href":"https:\/\/www.gwellstaylor.com\/blog\/index.php?rest_route=\/wp\/v2\/users\/1"}],"replies":[{"embeddable":true,"href":"https:\/\/www.gwellstaylor.com\/blog\/index.php?rest_route=%2Fwp%2Fv2%2Fcomments&post=4515"}],"version-history":[{"count":30,"href":"https:\/\/www.gwellstaylor.com\/blog\/index.php?rest_route=\/wp\/v2\/pages\/4515\/revisions"}],"predecessor-version":[{"id":6068,"href":"https:\/\/www.gwellstaylor.com\/blog\/index.php?rest_route=\/wp\/v2\/pages\/4515\/revisions\/6068"}],"up":[{"embeddable":true,"href":"https:\/\/www.gwellstaylor.com\/blog\/index.php?rest_route=\/wp\/v2\/pages\/34"}],"wp:attachment":[{"href":"https:\/\/www.gwellstaylor.com\/blog\/index.php?rest_route=%2Fwp%2Fv2%2Fmedia&parent=4515"}],"wp:term":[{"taxonomy":"category","embeddable":true,"href":"https:\/\/www.gwellstaylor.com\/blog\/index.php?rest_route=%2Fwp%2Fv2%2Fcategories&post=4515"},{"taxonomy":"post_tag","embeddable":true,"href":"https:\/\/www.gwellstaylor.com\/blog\/index.php?rest_route=%2Fwp%2Fv2%2Ftags&post=4515"}],"curies":[{"name":"wp","href":"https:\/\/api.w.org\/{rel}","templated":true}]}}